{"id":1802,"date":"2018-04-23T10:42:53","date_gmt":"2018-04-23T08:42:53","guid":{"rendered":"https:\/\/www.pastificiograziano.it\/?page_id=1802"},"modified":"2018-10-20T08:42:16","modified_gmt":"2018-10-20T06:42:16","slug":"il-fusillo-avellinese-les-fusillis","status":"publish","type":"page","link":"https:\/\/www.pastificiograziano.it\/fr\/il-fusillo-avellinese-les-fusillis\/","title":{"rendered":"Il Fusillo Avellinese  (les fusillis)"},"content":{"rendered":"<div class=\"wpb-content-wrapper\">[vc_row fullwidth=\u00a0\u00bbtrue\u00a0\u00bb css=\u00a0\u00bb.vc_custom_1524477890624{background-position: center !important;background-repeat: no-repeat !important;background-size: cover !important;}\u00a0\u00bb el_class=\u00a0\u00bbno-pad-cp\u00a0\u00bb][vc_column width=\u00a0\u00bb1\/12&Prime; offset=\u00a0\u00bbvc_col-lg-2&Prime;][\/vc_column][vc_column width=\u00a0\u00bb5\/6&Prime; offset=\u00a0\u00bbvc_col-lg-5&Prime;][mk_custom_box][mk_padding_divider size=\u00a0\u00bb35&Prime;][mk_padding_divider size=\u00a0\u00bb35&Prime; visibility=\u00a0\u00bbhidden-sm\u00a0\u00bb][mk_fancy_title tag_name=\u00a0\u00bbspan\u00a0\u00bb size=\u00a0\u00bb36&Prime; font_weight=\u00a0\u00bb400&Prime; txt_transform=\u00a0\u00bbnone\u00a0\u00bb font_family=\u00a0\u00bbnone\u00a0\u00bb]\n<h1>Il Fusillo Avellinese (les fusillis)<\/h1>\n[\/mk_fancy_title][mk_fancy_title tag_name=\u00a0\u00bbspan\u00a0\u00bb size=\u00a0\u00bb18&Prime; line_height=\u00a0\u00bb180&Prime; font_weight=\u00a0\u00bb400&Prime; font_family=\u00a0\u00bbnone\u00a0\u00bb responsive_align=\u00a0\u00bbleft\u00a0\u00bb]Les fusillis de Avellino est un format typique de la tradition gastronomique Irpina red\u00e9couverte par le \u201c Pastificio Graziano\u201d et r\u00e9cup\u00e9r\u00e9e dans ses caracth\u00e9ristiques typiques. Cette sp\u00e9cialit\u00e9 constitue le plus beau fleuron du Pastificio Graziano et il vient produit dans les variantes Fusillis Courts et Fusillis Longs, rigureusement avec un lent proc\u00e8s d\u2019essication et avec la traditionelle tr\u00e9file en bronze ou dans l\u2019innovative version avec tr\u00e9file en platine et tr\u00e9file en argent.[\/mk_fancy_title][mk_padding_divider size=\u00a0\u00bb70&Prime; visibility=\u00a0\u00bbhidden-sm\u00a0\u00bb][vc_single_image image=\u00a0\u00bb920&Prime; img_size=\u00a0\u00bbfull\u00a0\u00bb][\/mk_custom_box][\/vc_column][vc_column visibility=\u00a0\u00bbvisible-dt\u00a0\u00bb offset=\u00a0\u00bbvc_col-lg-5&Prime;][vc_single_image image=\u00a0\u00bb924&Prime; img_size=\u00a0\u00bbfull\u00a0\u00bb][\/vc_column][\/vc_row]\n<\/div>","protected":false},"excerpt":{"rendered":"<p>[vc_row fullwidth=\u00a0\u00bbtrue\u00a0\u00bb css=\u00a0\u00bb.vc_custom_1524477890624{background-position: center !important;background-repeat: no-repeat !important;background-size: cover !important;}\u00a0\u00bb el_class=\u00a0\u00bbno-pad-cp\u00a0\u00bb][vc_column width=\u00a0\u00bb1\/12&Prime; offset=\u00a0\u00bbvc_col-lg-2&Prime;][\/vc_column][vc_column width=\u00a0\u00bb5\/6&Prime; offset=\u00a0\u00bbvc_col-lg-5&Prime;][mk_custom_box][mk_padding_divider size=\u00a0\u00bb35&Prime;][mk_padding_divider size=\u00a0\u00bb35&Prime; visibility=\u00a0\u00bbhidden-sm\u00a0\u00bb][mk_fancy_title tag_name=\u00a0\u00bbspan\u00a0\u00bb size=\u00a0\u00bb36&Prime; font_weight=\u00a0\u00bb400&Prime; txt_transform=\u00a0\u00bbnone\u00a0\u00bb font_family=\u00a0\u00bbnone\u00a0\u00bb] Il Fusillo Avellinese (les fusillis) [\/mk_fancy_title][mk_fancy_title tag_name=\u00a0\u00bbspan\u00a0\u00bb size=\u00a0\u00bb18&Prime; line_height=\u00a0\u00bb180&Prime; font_weight=\u00a0\u00bb400&Prime; font_family=\u00a0\u00bbnone\u00a0\u00bb responsive_align=\u00a0\u00bbleft\u00a0\u00bb]Les fusillis de Avellino est un format typique de la tradition gastronomique Irpina red\u00e9couverte par le \u201c Pastificio Graziano\u201d et r\u00e9cup\u00e9r\u00e9e dans [&hellip;]<\/p>\n","protected":false},"author":1,"featured_media":0,"parent":0,"menu_order":0,"comment_status":"closed","ping_status":"closed","template":"","meta":{"footnotes":""},"class_list":["post-1802","page","type-page","status-publish","hentry"],"_links":{"self":[{"href":"https:\/\/www.pastificiograziano.it\/fr\/wp-json\/wp\/v2\/pages\/1802","targetHints":{"allow":["GET"]}}],"collection":[{"href":"https:\/\/www.pastificiograziano.it\/fr\/wp-json\/wp\/v2\/pages"}],"about":[{"href":"https:\/\/www.pastificiograziano.it\/fr\/wp-json\/wp\/v2\/types\/page"}],"author":[{"embeddable":true,"href":"https:\/\/www.pastificiograziano.it\/fr\/wp-json\/wp\/v2\/users\/1"}],"replies":[{"embeddable":true,"href":"https:\/\/www.pastificiograziano.it\/fr\/wp-json\/wp\/v2\/comments?post=1802"}],"version-history":[{"count":0,"href":"https:\/\/www.pastificiograziano.it\/fr\/wp-json\/wp\/v2\/pages\/1802\/revisions"}],"wp:attachment":[{"href":"https:\/\/www.pastificiograziano.it\/fr\/wp-json\/wp\/v2\/media?parent=1802"}],"curies":[{"name":"wp","href":"https:\/\/api.w.org\/{rel}","templated":true}]}}

<div class="wpb-content-wrapper">[vc_row fullwidth= »true » css= ».vc_custom_1524477890624{background-position: center !important;background-repeat: no-repeat !important;background-size: cover !important;} » el_class= »no-pad-cp »][vc_column width= »1/12&Prime; offset= »vc_col-lg-2&Prime;][/vc_column][vc_column width= »5/6&Prime; offset= »vc_col-lg-5&Prime;][mk_custom_box][mk_padding_divider size= »35&Prime;][mk_padding_divider size= »35&Prime; visibility= »hidden-sm »][mk_fancy_title tag_name= »span » size= »36&Prime; font_weight= »400&Prime; txt_transform= »none » font_family= »none »]
<h1>Il Fusillo Avellinese (les fusillis)</h1>
[/mk_fancy_title][mk_fancy_title tag_name= »span » size= »18&Prime; line_height= »180&Prime; font_weight= »400&Prime; font_family= »none » responsive_align= »left »]Les fusillis de Avellino est un format typique de la tradition gastronomique Irpina redécouverte par le “ Pastificio Graziano” et récupérée dans ses caracthéristiques typiques. Cette spécialité constitue le plus beau fleuron du Pastificio Graziano et il vient produit dans les variantes Fusillis Courts et Fusillis Longs, rigureusement avec un lent procès d’essication et avec la traditionelle tréfile en bronze ou dans l’innovative version avec tréfile en platine et tréfile en argent.[/mk_fancy_title][mk_padding_divider size= »70&Prime; visibility= »hidden-sm »][vc_single_image image= »920&Prime; img_size= »full »][/mk_custom_box][/vc_column][vc_column visibility= »visible-dt » offset= »vc_col-lg-5&Prime;][vc_single_image image= »924&Prime; img_size= »full »][/vc_column][/vc_row]
</div>

<p>[vc_row fullwidth= »true » css= ».vc_custom_1524477890624{background-position: center !important;background-repeat: no-repeat !important;background-size: cover !important;} » el_class= »no-pad-cp »][vc_column width= »1/12&Prime; offset= »vc_col-lg-2&Prime;][/vc_column][vc_column width= »5/6&Prime; offset= »vc_col-lg-5&Prime;][mk_custom_box][mk_padding_divider size= »35&Prime;][mk_padding_divider size= »35&Prime; visibility= »hidden-sm »][mk_fancy_title tag_name= »span » size= »36&Prime; font_weight= »400&Prime; txt_transform= »none » font_family= »none »] Il Fusillo Avellinese (les fusillis) [/mk_fancy_title][mk_fancy_title tag_name= »span » size= »18&Prime; line_height= »180&Prime; font_weight= »400&Prime; font_family= »none » responsive_align= »left »]Les fusillis de Avellino est un format typique de la tradition gastronomique Irpina redécouverte par le “ Pastificio Graziano” et récupérée dans [&hellip;]</p>
